dreds digit of c?
5
Let m(s) = 7*s**3 - 2. Let o(g) = -g**3 + g**2 + 1. Let q(j) = m(j) + 6*o(j). Let y be q(-5). Suppose -5*b = 4 - y. What is the units digit of b?
5
Let m(x) = -281*x**3 - x**2 - x - 1. Let l be m(-1). Let a = l + -198. Suppose 4*o + 29 = -y + a, -5*o = -4*y - 82. What is the tens digit of o?
1
What is the thousands digit of 873007/292 + (-9)/(-4)?
2
Let v(i) = i - 4. Let k be v(8). Let p = 7 - k. Let t(u) = 5*u**2 - 5*u + 4. What is the tens digit of t(p)?
3
Suppose -4*q - 344 = 4*p, 0*p = -3*p + 4*q - 237. Let s = 234 + p. What is the tens digit of s?
5
Let h be 2/3 + (-28)/(-3). Let l be 90/27*12/h. Suppose 0*w + l*w = 64. What is the units digit of w?
6
Let x be 12/9 + (-2)/6. What is the units digit of 16 + x*1/(-1)?
5
Suppose -5 = -p, 2*r - p - 4 + 3 = 0. Suppose -r*t = -0*t - 9. Suppose -13 = -i - h, -i + t*h + 51 = 2*i. What is the units digit of i?
5
Let c(b) = 12*b - 16. What is the units digit of c(9)?
2
Let s(h) = h**3 + 11*h**2 + 9*h + 4. Let t(p) = -6*p**2. Let k be t(-1). Let i be s(k). Suppose 10 = -2*l + i. What is the units digit of l?
0
Let y = 11 - 9. Let f = y + 0. Suppose 4*c + 11 - 47 = -4*i, -f*i + 2*c = -26. What is the units digit of i?
1
Let b(y) = y**2 - 10*y + 9. Let d be b(9). Suppose -3*t + 10*t - 490 = d. What is the units digit of t?
0
Let f = 256 + -165. What is the tens digit of f?
9
Let v(l) = 4*l - 14. Let n be v(4). Suppose -4 = -n*p + p. Suppose -26 = -2*o - 2*g, -2*o - 3*o - p*g = -64. What is the tens digit of o?
1
Let z(a) = 10*a**2 - 21*a + 9. What is the tens digit of z(6)?
4
Suppose -4*x = 0, 4*x + x = 4*s - 1096. Let w = s + -193. What is the units digit of w?
1
What is the tens digit of (2 - 8 - (-8 + 8))*-302?
1
Let h be (-2 - -2) + 5/1. Suppose -h*p + 18 + 17 = 0. Suppose 2*b - 5*n + 10 = 0, 2*b = 4*n - p*n + 22. What is the units digit of b?
5
What is the hundreds digit of -3*(4 - 3) - -10 - -1717?
7
Suppose 4*k = 20, 0*k = -2*t - 4*k + 1046. What is the tens digit of t?
1
Let a(r) = r - 306 + r**2 + 314 + 3*r. What is the units digit of a(-4)?
8
Suppose -f + 2680 = -5*a - 1547, 0 = -5*f + 2*a + 21066. What is the hundreds digit of f?
2
Let o = 3882 + 256. What is the tens digit of o?
3
Suppose 2*g + 14 = 3*f, 0 = 2*f - 5*g + g - 4. Let z = f + 0. What is the units digit of z?
6
Let u(r) = -7*r**2 - 13*r - 5. Let t(a) = -a**2 - a. Let y(z) = 6*t(z) - u(z). Let q(h) = -h**3 - 3*h**2 + 3*h. Let i be q(-3). What is the tens digit of y(i)?
2
Suppose -v + 3 + 17 = 4*k, -5*k + 4*v = -46. What is the units digit of 11/k + (-5)/(-30) - -7?
9
Let u(v) = -5*v**2 + 0*v**2 - 1 + 12*v**2. Let m be u(1). Let j(n) = 4*n + 7. What is the tens digit of j(m)?
3
Let k = 232 - 56. What is the tens digit of 7/(7/k) + -3 + -1?
7
Let u = 107 + -188. Let o = -77 - u. What is the units digit of o?
4
Let t(x) = -x**3 - x**2 + x + 1. Let d be t(-2). Let y(f) = -2 - 4*f + d*f + 3*f**2 - 2*f - 1. What is the units digit of y(-2)?
5
Let k(m) = 434*m**2 + 9. What is the units digit of k(2)?
5
Let s be (-33)/(-6) + (-2)/(-4). Suppose -s*u + 4*u = -168. What is the units digit of u?
4
Suppose 17*i + 1569 = 15832. What is the tens digit of i?
3
Suppose -12 = 4*j + 24. What is the units digit of ((-12)/j)/(8/18)?
3
Let z(p) = -1697*p - 303. What is the tens digit of z(-3)?
8
Let r(q) = 384*q**3 + 5*q - 4. What is the units digit of r(1)?
5
Suppose -1542 = -4*z + 758. What is the tens digit of z?
7
Suppose 342 = -3*d + 6*d. Suppose -d = -5*a - a. What is the tens digit of a?
1
Suppose s + 2*s - 3*y = 51, -s - y + 13 = 0. Suppose 0 = 4*o + o - s. Let q = o + 22. What is the units digit of q?
5
Suppose -27*n + 9*n = -2664. What is the hundreds digit of n?
1
Let s(u) = 1868*u**2 - 2*u**3 + 1 + 2*u**3 - u**3 - 1876*u**2. Let v be 2*1/(-3)*12. What is the units digit of s(v)?
1
Let l(n) = 2*n**3 - 12*n**2 + 12*n + 8. Let s(k) = 3*k**3 - 12*k**2 + 11*k + 7. Let c = 12 - 16. Let v(b) = c*l(b) + 3*s(b). What is the units digit of v(-13)?
5
Let g(m) = -2*m**2 - 11*m - 9. Let h be g(-4). Suppose 33 = -0*r + h*r + 4*x, -5*r = -3*x - 26. What is the units digit of r?
7
Let i = 1085 - 584. What is the hundreds digit of i?
5
Let c(d) = -d**3 - 5*d**2 - 5*d - 4. Let t be c(-4). Suppose 3*i = 4*b - t*b - 243, -3*i = -5*b + 303. What is the units digit of b?
0
Let p(b) = 234*b - 696. What is the units digit of p(23)?
6
Suppose 213 + 32 = -5*a. Let w = a - -69. What is the units digit of 8/(-3)*(-255)/w?
4
Let q(x) = x - 6. Suppose 2*u - 15 = 3. Let h be q(u). Suppose 0 = -h*a - 2*z + 56, -2*a + 5*a - 55 = -z. What is the tens digit of a?
1
Suppose 2*f = 4*y + 994, -7*f - y + 1004 = -5*f. What is the hundreds digit of f?
5
Let u be (36/10)/(4/20). Suppose -4*z = 74 + u. Let g = z - -60. What is the tens digit of g?
3
Let o(g) = -2*g**3 + g**2 + 4*g + 3. Let v be o(-3). Let f be 6/(-6)*(-4 - 1). Suppose -f*t - 3*a + a = -v, -a = t - 9. What is the units digit of t?
2
Let s(b) = -b**3 + 7*b**2 + 2*b + 4. Let t be s(4). Suppose 0 = -0*l - 5*l, 5*x = -3*l + t. What is the units digit of x?
2
Let q = 3210 + -1067. What is the hundreds digit of q?
1
Suppose -i = -3*j + 3, 5*i - 4 = 3*j - 19. Suppose -3*b + j*b - 3*s + 216 = 0, 5*b - 3*s - 336 = 0. What is the tens digit of b?
6
What is the units digit of 7 + (-680)/((-2)/2)?
7
Let z = 46 - -8. Let y = -78 - -49. Let l = y + z. What is the tens digit of l?
2
Let j(v) = 4*v**2 - 3*v - 9. Let z be j(5). What is the units digit of (-95)/z + 297/4?
3
Suppose -92 = -5*s - 3*m, s - 36 = -s - m. Suppose 33 = 4*p + 3*q + 1, s = 2*p - q. What is the units digit of p?
8
Suppose -306*v + 32980 = -296*v. What is the thousands digit of v?
3
Suppose 2 = 4*w - q - 3, 2 = -2*q. Let r be (-39)/(5/(-30)*w). Suppose -3*o + r = 3*l, -3*o = -0*l - 4*l - 199. What is the tens digit of o?
7
What is the tens digit of (-452 - 0)*((-63)/(-18) - 4)?
2
Let j = -679 + 1447. What is the units digit of j?
8
Let p be (98/21)/((-6)/(-639)). Let v = 711 - p. What is the hundreds digit of v?
2
Let d be 2/(-3) - 77/(-21). Suppose d*o + 8 = 4*o. Let h(x) = -x + 11. What is the units digit of h(o)?
3
Suppose 5*d + 2 = -98. What is the units digit of (-8)/10*d/8?
2
Let d = -2 - -6. Suppose d*v = -0*v + 100. What is the tens digit of (-708)/(-15) + (-5)/v?
4
Suppose 0 = 5*l - 10 - 15, 4*m = 4*l. Let w be (0 + 0)/(1/(-1)). Suppose -2*y + 0*y + 2*r = -52, -y + m*r + 46 = w. What is the tens digit of y?
2
Suppose -17*c + 5736 + 231 = 0. Suppose 5*g - 5*f = 635, 2*f - 270 = -5*g + c. What is the hundreds digit of g?
1
Let n be -2 - (0 - (4 + 2)). Suppose -2*c = 4*l - n, -5*l + 23 = -c - c. Suppose l*d - 2*t - 3 = 121, -32 = -d - 4*t. What is the tens digit of d?
4
Let f(i) = -i**2 - 3*i + 5. Suppose -2*q - 10 = -5*z, q + 2*z - 6 = -z. Suppose -5*u - 2*p = -q*p + 18, u = p - 5. What is the units digit of f(u)?
1
Let m(l) = l**3 - 6*l**2 - 6*l - 5. Let x be m(7). Suppose -d + 2*g - 3*g = -61, -x*g = -3*d + 188. What is the tens digit of d?
6
Suppose 2*i = 3*y + 165, -412 = -3*i - y - 137. Let t = 90 + i. What is the units digit of t?
0
Let s(b) = 4*b - 8 - 4*b**2 + 8*b**2 - 9*b**2 - b**3. What is the tens digit of s(-7)?
6
Let v(n) = 1023*n - 1117. What is the thousands digit of v(6)?
5
Let b = -81 + 94. Suppose b*z + 53 = 14*z. What is the tens digit of z?
5
Let x be 23/(-2) + 12/8. Let m(j) = j**2 + 11*j + 13. Let o be m(x). What is the tens digit of 1 + o - (-228)/4?
6
Let x(i) = 8*i**2 - 2*i + 2. Let j be x(1). Suppose 5*b = j*b - 171. What is the tens digit of b?
5
Suppose -54 = -2*n + 2*b, -2*b = n + 2*b - 42. Suppose -2*t = 3*t - n. What is the units digit of t?
6
Let f = -715 - -1627. What is the hundreds digit of f?
9
Let x(s) = -69*s**3 - 2*s**2 + 1. Let k be x(-1). What is the units digit of ((k/6)/(-1))/(10/(-75))?
5
Let v(l) = l**3 + 2*l**2 - 1. Let w be v(-2). Let r be (4/(-4))/((-4 - -9)/25). Let p = w - r. What is the units digit of p?
4
Let c(v) = -10 + 16*v - 10*v + 8 + 91*v. What is the tens digit of c(1)?
9
Suppose -d - 2 = -6. Suppose 2*n + 124 = -d*z, 2*z + 182 = n - 4*n. Let y = -28 - n. What is the units digit of y?
2
Let a be 1 + -1 - (-2 - 2 - 159). Suppose -x - a = -5*z, -39 = -z - 5*x + 2*x. What is the units digit of z?
3
What is the tens digit of 0 - -5 - 285/(-15)?
2
Let j(m) = 17*m - 87. What i